{"id":553,"date":"2023-09-04T00:48:00","date_gmt":"2023-09-04T00:48:00","guid":{"rendered":"https:\/\/mundoadi.net\/inicio\/?page_id=553"},"modified":"2023-11-11T15:33:01","modified_gmt":"2023-11-11T15:33:01","slug":"induccion-metodologia-de-ensenanza","status":"publish","type":"page","link":"https:\/\/mundoadi.net\/inicio\/induccion-metodologia-de-ensenanza\/","title":{"rendered":"Inducci\u00f3n: Metodolog\u00eda de Ense\u00f1anza"},"content":{"rendered":"\n<figure class=\"wp-block-image alignwide size-large\"><img loading=\"lazy\" decoding=\"async\" width=\"1024\" height=\"205\" src=\"https:\/\/mundoadi.net\/inicio\/wp-content\/uploads\/2023\/11\/metodologia_ensenanza-1024x205.png\" alt=\"Metodolog\u00eda de ense\u00f1anza\" class=\"wp-image-768\" srcset=\"https:\/\/mundoadi.net\/inicio\/wp-content\/uploads\/2023\/11\/metodologia_ensenanza-1024x205.png 1024w, https:\/\/mundoadi.net\/inicio\/wp-content\/uploads\/2023\/11\/metodologia_ensenanza-300x60.png 300w, https:\/\/mundoadi.net\/inicio\/wp-content\/uploads\/2023\/11\/metodologia_ensenanza-768x154.png 768w, https:\/\/mundoadi.net\/inicio\/wp-content\/uploads\/2023\/11\/metodologia_ensenanza-1536x307.png 1536w, https:\/\/mundoadi.net\/inicio\/wp-content\/uploads\/2023\/11\/metodologia_ensenanza.png 2000w\" sizes=\"auto, (max-width: 1024px) 100vw, 1024px\" \/><\/figure>\n\n\n\n<div class=\"wp-block-cover is-light\"><span aria-hidden=\"true\" class=\"wp-block-cover__background has-white-background-color has-background-dim-100 has-background-dim\"><\/span><div class=\"wp-block-cover__inner-container is-layout-flow wp-block-cover-is-layout-flow\">\n<div class=\"wp-block-columns is-layout-flex wp-container-core-columns-is-layout-9d6595d7 wp-block-columns-is-layout-flex\">\n<div class=\"wp-block-column is-layout-flow wp-block-column-is-layout-flow\" style=\"flex-basis:25%\">\n<h2 class=\"wp-block-heading has-text-align-center\" style=\"text-transform:uppercase\">Inducci\u00f3n ADI<\/h2>\n\n\n\n<hr class=\"wp-block-separator has-alpha-channel-opacity is-style-wide\"\/>\n\n\n\n<ul class=\"has-medium-font-size wp-block-list\">\n<li class=\"has-medium-font-size\"><a href=\"https:\/\/mundoadi.net\/inicio\/induccion\/\" data-type=\"page\" data-id=\"51\">Marco Legal del Curso<\/a><\/li>\n\n\n\n<li class=\"has-medium-font-size\"><a href=\"https:\/\/mundoadi.net\/inicio\/induccion-estructura-del-curso\/\" data-type=\"page\" data-id=\"551\">Estructura del Curso<\/a><\/li>\n\n\n\n<li class=\"has-medium-font-size\"><strong>Metodolog\u00eda de Ense\u00f1anza<\/strong><\/li>\n\n\n\n<li class=\"has-medium-font-size\"><a href=\"https:\/\/mundoadi.net\/inicio\/induccion-evaluacion-de-los-aprendizaje\/\" data-type=\"page\" data-id=\"555\">Evaluaci\u00f3n de los Aprendizajes<\/a><\/li>\n\n\n\n<li class=\"has-medium-font-size\"><a href=\"https:\/\/mundoadi.net\/inicio\/induccion-modulo-de-tic-de-postgrado\/\" data-type=\"page\" data-id=\"558\">M\u00f3dulo de TIC de Postgrado<\/a><\/li>\n<\/ul>\n<\/div>\n\n\n\n<div class=\"wp-block-column is-layout-flow wp-block-column-is-layout-flow\" style=\"flex-basis:75%\">\n<p>Lorem ipsum dolor sit amet. Ut odio saepe qui dolorum consequatur et commodi maiores ut vitae delectus vel omnis illo. Et dicta ipsam id velit laborum ut recusandae voluptate a maxime laudantium aut repudiandae ipsum aut aspernatur dicta! Aut deleniti odio ut molestias assumenda in dolor laudantium non minima obcaecati. Est dicta dolor est expedita omnis ex adipisci rerum. Aut minus cumque et ipsa officiis ea totam ipsa eum velit assumenda ex expedita laborum aut nihil mollitia. Ut excepturi reprehenderit id nulla praesentium id sint omnis qui deserunt deleniti est saepe galisum. Eos internos rerum est quaerat dolores sed consequatur laudantium est dolores optio aut odit ducimus. Sit minima perspiciatis vel corporis voluptas ut odio consequuntur qui possimus rerum eos eaque culpa rem commodi consectetur. Hic quod dolorem in atque magni et cupiditate iure vel quia omnis vel veritatis vero et omnis voluptatem ab velit internos!<\/p>\n\n\n\n<p>Aut ipsum quod qui eaque nihil eum repudiandae aliquam et provident laudantium ut itaque voluptatem At harum asperiores et velit modi. Vel numquam deserunt et architecto architecto aut asperiores quasi sit voluptas maxime non natus praesentium. In esse repellat et maiores laudantium ut nulla consectetur! Vel quia odio eum praesentium quos non praesentium fugiat id dolore possimus. Sit ipsa blanditiis sit quisquam similique eum sint quaerat cum autem vero. At inventore quibusdam nam natus placeat a veritatis galisum vel fugit vitae ut saepe nihil aut temporibus impedit! Et nesciunt dolorum est reprehenderit voluptatem aut pariatur distinctio in quidem tempora non magni fugiat et enim vero ut fuga quam! Et Quis accusamus At rerum natus est quod repellendus. Aut cumque possimus non explicabo animi est vitae aperiam cum voluptatum consequuntur sit corporis fugit sed delectus possimus ab sunt laborum.<\/p>\n<\/div>\n<\/div>\n\n\n\n<hr class=\"wp-block-separator has-text-color has-cyan-bluish-gray-color has-alpha-channel-opacity has-cyan-bluish-gray-background-color has-background is-style-wide\"\/>\n\n\n\n<h1 class=\"wp-block-heading has-text-align-center\" style=\"font-size:29px\">Mundo ADI-UNEFM<\/h1>\n\n\n<ul class=\"wp-block-latest-posts__list is-grid columns-4 has-dates alignwide wp-block-latest-posts\"><li><div class=\"wp-block-latest-posts__featured-image aligncenter\"><a href=\"https:\/\/mundoadi.net\/inicio\/esta-publicacion-es-un-ejemplo-de-la-categoria-coordinacion-de-adi-2\/\" aria-label=\"Esta Publicaci\u00f3n Es Un Ejemplo De La Categor\u00eda Coordinaci\u00f3n De ADI 2\"><img loading=\"lazy\" decoding=\"async\" width=\"800\" height=\"800\" src=\"https:\/\/mundoadi.net\/inicio\/wp-content\/uploads\/2023\/09\/noti_adi1.jpg\" class=\"attachment-large size-large wp-post-image\" alt=\"\" style=\"\" srcset=\"https:\/\/mundoadi.net\/inicio\/wp-content\/uploads\/2023\/09\/noti_adi1.jpg 800w, https:\/\/mundoadi.net\/inicio\/wp-content\/uploads\/2023\/09\/noti_adi1-300x300.jpg 300w, https:\/\/mundoadi.net\/inicio\/wp-content\/uploads\/2023\/09\/noti_adi1-150x150.jpg 150w, https:\/\/mundoadi.net\/inicio\/wp-content\/uploads\/2023\/09\/noti_adi1-768x768.jpg 768w, https:\/\/mundoadi.net\/inicio\/wp-content\/uploads\/2023\/09\/noti_adi1-600x600.jpg 600w, https:\/\/mundoadi.net\/inicio\/wp-content\/uploads\/2023\/09\/noti_adi1-24x24.jpg 24w, https:\/\/mundoadi.net\/inicio\/wp-content\/uploads\/2023\/09\/noti_adi1-48x48.jpg 48w, https:\/\/mundoadi.net\/inicio\/wp-content\/uploads\/2023\/09\/noti_adi1-96x96.jpg 96w\" sizes=\"auto, (max-width: 800px) 100vw, 800px\" \/><\/a><\/div><a class=\"wp-block-latest-posts__post-title\" href=\"https:\/\/mundoadi.net\/inicio\/esta-publicacion-es-un-ejemplo-de-la-categoria-coordinacion-de-adi-2\/\">Esta Publicaci\u00f3n Es Un Ejemplo De La Categor\u00eda Coordinaci\u00f3n De ADI 2<\/a><time datetime=\"2023-09-03T15:35:55+00:00\" class=\"wp-block-latest-posts__post-date\">3 septiembre, 2023<\/time><div class=\"wp-block-latest-posts__post-excerpt\">Lorem ipsum dolor sit amet. Ut odio saepe qui dolorum consequatur et commodi maiores ut&#8230; <a class=\"wp-block-latest-posts__read-more\" href=\"https:\/\/mundoadi.net\/inicio\/esta-publicacion-es-un-ejemplo-de-la-categoria-coordinacion-de-adi-2\/\" rel=\"noopener noreferrer\">Lee m\u00e1s<span class=\"screen-reader-text\">: Esta Publicaci\u00f3n Es Un Ejemplo De La Categor\u00eda Coordinaci\u00f3n De ADI 2<\/span><\/a><\/div><\/li>\n<li><div class=\"wp-block-latest-posts__featured-image aligncenter\"><a href=\"https:\/\/mundoadi.net\/inicio\/esta-publicacion-es-un-ejemplo-de-la-categoria-noticias-unefm\/\" aria-label=\"Esta publicaci\u00f3n es un ejemplo de la categor\u00eda NOTICIAS UNEFM\"><img loading=\"lazy\" decoding=\"async\" width=\"800\" height=\"800\" src=\"https:\/\/mundoadi.net\/inicio\/wp-content\/uploads\/2023\/09\/noti_unefm.jpg\" class=\"attachment-large size-large wp-post-image\" alt=\"\" style=\"\" srcset=\"https:\/\/mundoadi.net\/inicio\/wp-content\/uploads\/2023\/09\/noti_unefm.jpg 800w, https:\/\/mundoadi.net\/inicio\/wp-content\/uploads\/2023\/09\/noti_unefm-300x300.jpg 300w, https:\/\/mundoadi.net\/inicio\/wp-content\/uploads\/2023\/09\/noti_unefm-150x150.jpg 150w, https:\/\/mundoadi.net\/inicio\/wp-content\/uploads\/2023\/09\/noti_unefm-768x768.jpg 768w, https:\/\/mundoadi.net\/inicio\/wp-content\/uploads\/2023\/09\/noti_unefm-600x600.jpg 600w, https:\/\/mundoadi.net\/inicio\/wp-content\/uploads\/2023\/09\/noti_unefm-24x24.jpg 24w, https:\/\/mundoadi.net\/inicio\/wp-content\/uploads\/2023\/09\/noti_unefm-48x48.jpg 48w, https:\/\/mundoadi.net\/inicio\/wp-content\/uploads\/2023\/09\/noti_unefm-96x96.jpg 96w\" sizes=\"auto, (max-width: 800px) 100vw, 800px\" \/><\/a><\/div><a class=\"wp-block-latest-posts__post-title\" href=\"https:\/\/mundoadi.net\/inicio\/esta-publicacion-es-un-ejemplo-de-la-categoria-noticias-unefm\/\">Esta publicaci\u00f3n es un ejemplo de la categor\u00eda NOTICIAS UNEFM<\/a><time datetime=\"2023-09-03T12:50:09+00:00\" class=\"wp-block-latest-posts__post-date\">3 septiembre, 2023<\/time><div class=\"wp-block-latest-posts__post-excerpt\">Lorem ipsum dolor sit amet. Ut odio saepe qui dolorum consequatur et commodi maiores ut&#8230; <a class=\"wp-block-latest-posts__read-more\" href=\"https:\/\/mundoadi.net\/inicio\/esta-publicacion-es-un-ejemplo-de-la-categoria-noticias-unefm\/\" rel=\"noopener noreferrer\">Lee m\u00e1s<span class=\"screen-reader-text\">: Esta publicaci\u00f3n es un ejemplo de la categor\u00eda NOTICIAS UNEFM<\/span><\/a><\/div><\/li>\n<li><div class=\"wp-block-latest-posts__featured-image aligncenter\"><a href=\"https:\/\/mundoadi.net\/inicio\/esta-publicacion-es-un-ejemplo-de-la-categoria-jornadas-y-eventos\/\" aria-label=\"Esta publicaci\u00f3n es un ejemplo de la categor\u00eda JORNADAS Y EVENTOS\"><img loading=\"lazy\" decoding=\"async\" width=\"800\" height=\"800\" src=\"https:\/\/mundoadi.net\/inicio\/wp-content\/uploads\/2023\/09\/noti_evento.jpg\" class=\"attachment-large size-large wp-post-image\" alt=\"\" style=\"\" srcset=\"https:\/\/mundoadi.net\/inicio\/wp-content\/uploads\/2023\/09\/noti_evento.jpg 800w, https:\/\/mundoadi.net\/inicio\/wp-content\/uploads\/2023\/09\/noti_evento-300x300.jpg 300w, https:\/\/mundoadi.net\/inicio\/wp-content\/uploads\/2023\/09\/noti_evento-150x150.jpg 150w, https:\/\/mundoadi.net\/inicio\/wp-content\/uploads\/2023\/09\/noti_evento-768x768.jpg 768w, https:\/\/mundoadi.net\/inicio\/wp-content\/uploads\/2023\/09\/noti_evento-600x600.jpg 600w, https:\/\/mundoadi.net\/inicio\/wp-content\/uploads\/2023\/09\/noti_evento-24x24.jpg 24w, https:\/\/mundoadi.net\/inicio\/wp-content\/uploads\/2023\/09\/noti_evento-48x48.jpg 48w, https:\/\/mundoadi.net\/inicio\/wp-content\/uploads\/2023\/09\/noti_evento-96x96.jpg 96w\" sizes=\"auto, (max-width: 800px) 100vw, 800px\" \/><\/a><\/div><a class=\"wp-block-latest-posts__post-title\" href=\"https:\/\/mundoadi.net\/inicio\/esta-publicacion-es-un-ejemplo-de-la-categoria-jornadas-y-eventos\/\">Esta publicaci\u00f3n es un ejemplo de la categor\u00eda JORNADAS Y EVENTOS<\/a><time datetime=\"2023-09-03T12:48:56+00:00\" class=\"wp-block-latest-posts__post-date\">3 septiembre, 2023<\/time><div class=\"wp-block-latest-posts__post-excerpt\">Lorem ipsum dolor sit amet. Ut odio saepe qui dolorum consequatur et commodi maiores ut&#8230; <a class=\"wp-block-latest-posts__read-more\" href=\"https:\/\/mundoadi.net\/inicio\/esta-publicacion-es-un-ejemplo-de-la-categoria-jornadas-y-eventos\/\" rel=\"noopener noreferrer\">Lee m\u00e1s<span class=\"screen-reader-text\">: Esta publicaci\u00f3n es un ejemplo de la categor\u00eda JORNADAS Y EVENTOS<\/span><\/a><\/div><\/li>\n<li><div class=\"wp-block-latest-posts__featured-image aligncenter\"><a href=\"https:\/\/mundoadi.net\/inicio\/esta-publicacion-es-un-ejemplo-de-la-categoria-induccion-a-las-tic\/\" aria-label=\"Esta publicaci\u00f3n es un ejemplo de la categor\u00eda INDUCCI\u00d3N A LAS TIC\"><img loading=\"lazy\" decoding=\"async\" width=\"800\" height=\"800\" src=\"https:\/\/mundoadi.net\/inicio\/wp-content\/uploads\/2023\/09\/noti_induccion.jpg\" class=\"attachment-large size-large wp-post-image\" alt=\"\" style=\"\" srcset=\"https:\/\/mundoadi.net\/inicio\/wp-content\/uploads\/2023\/09\/noti_induccion.jpg 800w, https:\/\/mundoadi.net\/inicio\/wp-content\/uploads\/2023\/09\/noti_induccion-300x300.jpg 300w, https:\/\/mundoadi.net\/inicio\/wp-content\/uploads\/2023\/09\/noti_induccion-150x150.jpg 150w, https:\/\/mundoadi.net\/inicio\/wp-content\/uploads\/2023\/09\/noti_induccion-768x768.jpg 768w, https:\/\/mundoadi.net\/inicio\/wp-content\/uploads\/2023\/09\/noti_induccion-600x600.jpg 600w, https:\/\/mundoadi.net\/inicio\/wp-content\/uploads\/2023\/09\/noti_induccion-24x24.jpg 24w, https:\/\/mundoadi.net\/inicio\/wp-content\/uploads\/2023\/09\/noti_induccion-48x48.jpg 48w, https:\/\/mundoadi.net\/inicio\/wp-content\/uploads\/2023\/09\/noti_induccion-96x96.jpg 96w\" sizes=\"auto, (max-width: 800px) 100vw, 800px\" \/><\/a><\/div><a class=\"wp-block-latest-posts__post-title\" href=\"https:\/\/mundoadi.net\/inicio\/esta-publicacion-es-un-ejemplo-de-la-categoria-induccion-a-las-tic\/\">Esta publicaci\u00f3n es un ejemplo de la categor\u00eda INDUCCI\u00d3N A LAS TIC<\/a><time datetime=\"2023-09-03T12:46:28+00:00\" class=\"wp-block-latest-posts__post-date\">3 septiembre, 2023<\/time><div class=\"wp-block-latest-posts__post-excerpt\">Lorem ipsum dolor sit amet. Ut odio saepe qui dolorum consequatur et commodi maiores ut&#8230; <a class=\"wp-block-latest-posts__read-more\" href=\"https:\/\/mundoadi.net\/inicio\/esta-publicacion-es-un-ejemplo-de-la-categoria-induccion-a-las-tic\/\" rel=\"noopener noreferrer\">Lee m\u00e1s<span class=\"screen-reader-text\">: Esta publicaci\u00f3n es un ejemplo de la categor\u00eda INDUCCI\u00d3N A LAS TIC<\/span><\/a><\/div><\/li>\n<\/ul>\n\n\n<hr class=\"wp-block-separator has-alpha-channel-opacity is-style-dots\"\/>\n\n\n\n<figure class=\"wp-block-image alignwide size-large\"><a href=\"http:\/\/unefm.net\/inicio\/estudios\/\" target=\"_blank\" rel=\"noreferrer noopener\"><img loading=\"lazy\" decoding=\"async\" width=\"1024\" height=\"183\" src=\"https:\/\/mundoadi.net\/inicio\/wp-content\/uploads\/2023\/09\/banner_cintillo-1024x183.jpg\" alt=\"\" class=\"wp-image-410\" srcset=\"https:\/\/mundoadi.net\/inicio\/wp-content\/uploads\/2023\/09\/banner_cintillo-1024x183.jpg 1024w, https:\/\/mundoadi.net\/inicio\/wp-content\/uploads\/2023\/09\/banner_cintillo-300x54.jpg 300w, https:\/\/mundoadi.net\/inicio\/wp-content\/uploads\/2023\/09\/banner_cintillo-768x138.jpg 768w, https:\/\/mundoadi.net\/inicio\/wp-content\/uploads\/2023\/09\/banner_cintillo-1536x275.jpg 1536w, https:\/\/mundoadi.net\/inicio\/wp-content\/uploads\/2023\/09\/banner_cintillo.jpg 1920w\" sizes=\"auto, (max-width: 1024px) 100vw, 1024px\" \/><\/a><\/figure>\n\n\n\n<hr class=\"wp-block-separator has-alpha-channel-opacity is-style-dots\"\/>\n\n\n\n<h1 class=\"wp-block-heading has-text-align-center\" style=\"font-size:29px\">Plataformas de Formaci\u00f3n<\/h1>\n\n\n\n<div class=\"wp-block-columns is-layout-flex wp-container-core-columns-is-layout-9d6595d7 wp-block-columns-is-layout-flex\">\n<div class=\"wp-block-column is-layout-flow wp-block-column-is-layout-flow\"><div class=\"wp-block-image\">\n<figure class=\"aligncenter size-full\"><a href=\"https:\/\/mundoadi.net\/pregrado\/\" target=\"_blank\" rel=\"noreferrer noopener\"><img decoding=\"async\" src=\"http:\/\/unefm.net\/inicio\/wp-content\/uploads\/2023\/07\/logo_adi_pregrado.png\" alt=\"\" class=\"wp-image-53\"\/><\/a><\/figure>\n<\/div>\n\n\n<h2 class=\"wp-block-heading has-text-align-center\" style=\"font-size:18px\"><a href=\"https:\/\/mundoadi.net\/pregrado\/\" data-type=\"URL\" data-id=\"https:\/\/mundoadi.net\/pregrado\/\" target=\"_blank\" rel=\"noreferrer noopener\">Estudios de Pregrado<\/a><\/h2>\n<\/div>\n\n\n\n<div class=\"wp-block-column is-layout-flow wp-block-column-is-layout-flow\"><div class=\"wp-block-image\">\n<figure class=\"aligncenter size-full\"><a href=\"https:\/\/mundoadi.net\/medicina\/\" target=\"_blank\" rel=\"noreferrer noopener\"><img decoding=\"async\" src=\"http:\/\/unefm.net\/inicio\/wp-content\/uploads\/2023\/07\/logo_adi_medicina.png\" alt=\"\" class=\"wp-image-55\"\/><\/a><\/figure>\n<\/div>\n\n\n<h2 class=\"wp-block-heading has-text-align-center\" style=\"font-size:18px\"><a href=\"https:\/\/mundoadi.net\/medicina\/\" data-type=\"URL\" data-id=\"https:\/\/mundoadi.net\/medicina\/\" target=\"_blank\" rel=\"noreferrer noopener\">Programa de Medicina<\/a><\/h2>\n<\/div>\n\n\n\n<div class=\"wp-block-column is-layout-flow wp-block-column-is-layout-flow\"><div class=\"wp-block-image\">\n<figure class=\"aligncenter size-full\"><a href=\"https:\/\/mundoadi.net\/pnfmunicipal\/\" target=\"_blank\" rel=\"noreferrer noopener\"><img decoding=\"async\" src=\"http:\/\/unefm.net\/inicio\/wp-content\/uploads\/2023\/07\/logo_adi_municipal.png\" alt=\"\" class=\"wp-image-56\"\/><\/a><\/figure>\n<\/div>\n\n\n<h2 class=\"wp-block-heading has-text-align-center\" style=\"font-size:18px\"><a href=\"https:\/\/mundoadi.net\/pnfmunicipal\/\" data-type=\"URL\" data-id=\"https:\/\/mundoadi.net\/pnfmunicipal\/\" target=\"_blank\" rel=\"noreferrer noopener\">PNF y Municipalizaci\u00f3n<\/a><\/h2>\n<\/div>\n\n\n\n<div class=\"wp-block-column is-layout-flow wp-block-column-is-layout-flow\"><div class=\"wp-block-image\">\n<figure class=\"aligncenter size-full\"><a href=\"https:\/\/mundoadi.net\/postgrado\/\" target=\"_blank\" rel=\"noreferrer noopener\"><img decoding=\"async\" src=\"http:\/\/unefm.net\/inicio\/wp-content\/uploads\/2023\/07\/logo_adi_postgrado.png\" alt=\"\" class=\"wp-image-54\"\/><\/a><\/figure>\n<\/div>\n\n\n<h2 class=\"wp-block-heading has-text-align-center\" style=\"font-size:18px\"><a href=\"https:\/\/mundoadi.net\/postgrado\/\" target=\"_blank\" rel=\"noreferrer noopener\">Estudios de Postgrado<\/a><\/h2>\n<\/div>\n\n\n\n<div class=\"wp-block-column is-layout-flow wp-block-column-is-layout-flow\"><div class=\"wp-block-image\">\n<figure class=\"aligncenter size-full\"><a href=\"https:\/\/mundoadi.net\/formacion\/\" target=\"_blank\" rel=\"noreferrer noopener\"><img decoding=\"async\" src=\"http:\/\/unefm.net\/inicio\/wp-content\/uploads\/2023\/07\/logo_adi_formacion.png\" alt=\"\" class=\"wp-image-57\"\/><\/a><\/figure>\n<\/div>\n\n\n<h2 class=\"wp-block-heading has-text-align-center\" style=\"font-size:18px\"><a href=\"https:\/\/mundoadi.net\/formacion\/\" data-type=\"URL\" data-id=\"https:\/\/mundoadi.net\/formacion\/\" target=\"_blank\" rel=\"noreferrer noopener\">Formaci\u00f3n Profesional<\/a><\/h2>\n<\/div>\n<\/div>\n<\/div><\/div>\n","protected":false},"excerpt":{"rendered":"","protected":false},"author":3,"featured_media":0,"parent":0,"menu_order":0,"comment_status":"closed","ping_status":"closed","template":"","meta":{"footnotes":""},"class_list":["post-553","page","type-page","status-publish","hentry","entry"],"_links":{"self":[{"href":"https:\/\/mundoadi.net\/inicio\/wp-json\/wp\/v2\/pages\/553","targetHints":{"allow":["GET"]}}],"collection":[{"href":"https:\/\/mundoadi.net\/inicio\/wp-json\/wp\/v2\/pages"}],"about":[{"href":"https:\/\/mundoadi.net\/inicio\/wp-json\/wp\/v2\/types\/page"}],"author":[{"embeddable":true,"href":"https:\/\/mundoadi.net\/inicio\/wp-json\/wp\/v2\/users\/3"}],"replies":[{"embeddable":true,"href":"https:\/\/mundoadi.net\/inicio\/wp-json\/wp\/v2\/comments?post=553"}],"version-history":[{"count":5,"href":"https:\/\/mundoadi.net\/inicio\/wp-json\/wp\/v2\/pages\/553\/revisions"}],"predecessor-version":[{"id":770,"href":"https:\/\/mundoadi.net\/inicio\/wp-json\/wp\/v2\/pages\/553\/revisions\/770"}],"wp:attachment":[{"href":"https:\/\/mundoadi.net\/inicio\/wp-json\/wp\/v2\/media?parent=553"}],"curies":[{"name":"wp","href":"https:\/\/api.w.org\/{rel}","templated":true}]}}